{"id":401,"date":"2021-11-01T11:30:50","date_gmt":"2021-11-01T11:30:50","guid":{"rendered":"https:\/\/demo.athemes.com\/sydney-main\/?page_id=401"},"modified":"2025-06-17T13:09:43","modified_gmt":"2025-06-17T13:09:43","slug":"about","status":"publish","type":"page","link":"https:\/\/bluehostel.is\/?page_id=401","title":{"rendered":"About"},"content":{"rendered":"\t\t<div data-elementor-type=\"wp-page\" data-elementor-id=\"401\" class=\"elementor elementor-401\" data-elementor-post-type=\"page\">\n\t\t\t\t\t\t<section class=\"elementor-section elementor-top-section elementor-element elementor-element-eedafb9 elementor-section-content-middle elementor-section-boxed elementor-section-height-default elementor-section-height-default\" data-id=\"eedafb9\" data-element_type=\"section\">\n\t\t\t\t\t\t<div class=\"elementor-container elementor-column-gap-default\">\n\t\t\t\t\t<div class=\"elementor-column elementor-col-50 elementor-top-column elementor-element elementor-element-571508b\" data-id=\"571508b\" data-element_type=\"column\">\n\t\t\t<div class=\"elementor-widget-wrap elementor-element-populated\">\n\t\t\t\t\t\t<div class=\"elementor-element elementor-element-fb80230 elementor-widget elementor-widget-heading\" data-id=\"fb80230\" data-element_type=\"widget\" data-widget_type=\"heading.default\">\n\t\t\t\t<div class=\"elementor-widget-container\">\n\t\t\t\t\t<h6 class=\"elementor-heading-title elementor-size-default\">About us<\/h6>\t\t\t\t<\/div>\n\t\t\t\t<\/div>\n\t\t\t\t<div class=\"elementor-element elementor-element-2fc2cb6 elementor-widget elementor-widget-heading\" data-id=\"2fc2cb6\" data-element_type=\"widget\" data-widget_type=\"heading.default\">\n\t\t\t\t<div class=\"elementor-widget-container\">\n\t\t\t\t\t<h1 class=\"elementor-heading-title elementor-size-default\"><h3 style=\"font-size: 20px;, sans-serif;margin-top: 13px;margin-bottom: 3px;line-height: 28px;max-width: 590px\">\ud83c\udfe0&nbsp;Welcome to Blue Hostel&nbsp;<\/h3><\/h1>\t\t\t\t<\/div>\n\t\t\t\t<\/div>\n\t\t\t\t<div class=\"elementor-element elementor-element-1cf0f1c elementor-widget elementor-widget-text-editor\" data-id=\"1cf0f1c\" data-element_type=\"widget\" data-widget_type=\"text-editor.default\">\n\t\t\t\t<div class=\"elementor-widget-container\">\n\t\t\t\t\t\t\t\t\t<h3 style=\"margin-top: 13px; margin-bottom: 3px; max-width: 590px; font-size: 20px; line-height: 28px; color: rgb(66, 66, 66); font-family: &quot;Segoe Sans&quot;, &quot;Segoe UI&quot;, &quot;Segoe UI Web (West European)&quot;, -apple-system, &quot;system-ui&quot;, Roboto, &quot;Helvetica Neue&quot;, sans-serif; background-color: rgb(250, 250, 250);\">Your Cozy Retreat in the Heart of Vestmannaeyjar<\/h3>\n<p style=\"margin: 8px 0px 4px; color: rgb(66, 66, 66); font-family: &quot;Segoe Sans&quot;, &quot;Segoe UI&quot;, &quot;Segoe UI Web (West European)&quot;, -apple-system, &quot;system-ui&quot;, Roboto, &quot;Helvetica Neue&quot;, sans-serif; background-color: rgb(250, 250, 250);\"><span style=\"font-weight: 600;\">Blue Hostel<\/span>&nbsp;is a warm and modern guesthouse located in the heart of the Westman Islands. We offer our guests a comfortable stay in a relaxed atmosphere, featuring private sleeping pods equipped with everything you need\u2014such as a TV, Wi Fi, ventilation, and a cozy ambiance that makes you feel right at home.<\/p>\n<p style=\"margin: 8px 0px 4px; color: rgb(66, 66, 66); font-family: &quot;Segoe Sans&quot;, &quot;Segoe UI&quot;, &quot;Segoe UI Web (West European)&quot;, -apple-system, &quot;system-ui&quot;, Roboto, &quot;Helvetica Neue&quot;, sans-serif; background-color: rgb(250, 250, 250);\">Whether you&#8217;re traveling solo, with family, or friends, Blue Hostel is the perfect place to unwind and enjoy the natural beauty of the islands.<\/p>\n<hr style=\"border: none; margin-inline: 0px; width: 772px; background-color: rgb(112, 112, 112); height: 2px; opacity: 0.5; margin-top: 23px; margin-bottom: 23px; color: rgb(66, 66, 66); font-family: &quot;Segoe Sans&quot;, &quot;Segoe UI&quot;, &quot;Segoe UI Web (West European)&quot;, -apple-system, &quot;system-ui&quot;, Roboto, &quot;Helvetica Neue&quot;, sans-serif;\">\n<h3 style=\"margin-top: 13px; margin-bottom: 3px; max-width: 590px; font-size: 20px; line-height: 28px; color: rgb(66, 66, 66); font-family: &quot;Segoe Sans&quot;, &quot;Segoe UI&quot;, &quot;Segoe UI Web (West European)&quot;, -apple-system, &quot;system-ui&quot;, Roboto, &quot;Helvetica Neue&quot;, sans-serif; background-color: rgb(250, 250, 250);\">\ud83c\udf1f What We Offer:<\/h3>\n<ul style=\"list-style-position: initial; list-style-image: initial; margin: 4px 0px; padding: 0px; padding-inline: 24px 0px; color: rgb(66, 66, 66); font-family: &quot;Segoe Sans&quot;, &quot;Segoe UI&quot;, &quot;Segoe UI Web (West European)&quot;, -apple-system, &quot;system-ui&quot;, Roboto, &quot;Helvetica Neue&quot;, sans-serif; background-color: rgb(250, 250, 250);\">\n<li style=\"padding-inline-start: 4px;\"><span style=\"font-weight: 600;\">Clean and comfortable pods<\/span>&nbsp;with all essential amenities<\/li>\n<li style=\"padding-inline-start: 4px;\"><span style=\"font-weight: 600;\">Friendly staff<\/span>&nbsp;always ready to help\u2014if no one is on-site, you can always reach us by phone<\/li>\n<li style=\"padding-inline-start: 4px;\"><span style=\"font-weight: 600;\">Excellent location<\/span>&nbsp;near the harbor, restaurants, and main attractions<\/li>\n<li style=\"padding-inline-start: 4px;\"><span style=\"font-weight: 600;\">Eco-friendly operations<\/span>&nbsp;with a focus on sustainability<\/li>\n<\/ul>\n<p style=\"margin: 8px 0px 4px; color: rgb(66, 66, 66); font-family: &quot;Segoe Sans&quot;, &quot;Segoe UI&quot;, &quot;Segoe UI Web (West European)&quot;, -apple-system, &quot;system-ui&quot;, Roboto, &quot;Helvetica Neue&quot;, sans-serif; background-color: rgb(250, 250, 250);\">Our goal is to create a homely atmosphere where guests feel welcome and want to return.<\/p>\t\t\t\t\t\t\t\t<\/div>\n\t\t\t\t<\/div>\n\t\t\t\t\t<\/div>\n\t\t<\/div>\n\t\t\t\t<div class=\"elementor-column elementor-col-50 elementor-top-column elementor-element elementor-element-bc4d4c0\" data-id=\"bc4d4c0\" data-element_type=\"column\">\n\t\t\t<div class=\"elementor-widget-wrap elementor-element-populated\">\n\t\t\t\t\t\t<div class=\"elementor-element elementor-element-48dd569 elementor-widget elementor-widget-image\" data-id=\"48dd569\" data-element_type=\"widget\" data-widget_type=\"image.default\">\n\t\t\t\t<div class=\"elementor-widget-container\">\n\t\t\t\t\t\t\t\t\t\t\t\t\t\t\t<img data-opt-id=980968143  fetchpriority=\"high\" decoding=\"async\" width=\"800\" height=\"600\" src=\"https:\/\/mlnkxxon5tub.i.optimole.com\/w:800\/h:600\/q:mauto\/ig:avif\/https:\/\/bluehostel.is\/wp-content\/uploads\/2025\/05\/Kuluhusid.jpg\" class=\"attachment-large size-large wp-image-53\" alt=\"K\u00faluh\u00fasi\u00f0 - Spherehouse\" srcset=\"https:\/\/mlnkxxon5tub.i.optimole.com\/w:800\/h:600\/q:mauto\/ig:avif\/https:\/\/bluehostel.is\/wp-content\/uploads\/2025\/05\/Kuluhusid.jpg 800w, https:\/\/mlnkxxon5tub.i.optimole.com\/w:300\/h:225\/q:mauto\/ig:avif\/https:\/\/bluehostel.is\/wp-content\/uploads\/2025\/05\/Kuluhusid.jpg 300w, https:\/\/mlnkxxon5tub.i.optimole.com\/w:768\/h:576\/q:mauto\/ig:avif\/https:\/\/bluehostel.is\/wp-content\/uploads\/2025\/05\/Kuluhusid.jpg 768w, https:\/\/mlnkxxon5tub.i.optimole.com\/w:390\/h:293\/q:mauto\/ig:avif\/https:\/\/bluehostel.is\/wp-content\/uploads\/2025\/05\/Kuluhusid.jpg 390w\" sizes=\"(max-width: 800px) 100vw, 800px\" \/>\t\t\t\t\t\t\t\t\t\t\t\t\t\t\t<\/div>\n\t\t\t\t<\/div>\n\t\t\t\t\t<\/div>\n\t\t<\/div>\n\t\t\t\t\t<\/div>\n\t\t<\/section>\n\t\t\t\t<section class=\"elementor-section elementor-top-section elementor-element elementor-element-cf5ff21 elementor-section-content-middle elementor-section-boxed elementor-section-height-default elementor-section-height-default\" data-id=\"cf5ff21\" data-element_type=\"section\" data-settings=\"{&quot;background_background&quot;:&quot;classic&quot;}\">\n\t\t\t\t\t\t<div class=\"elementor-container elementor-column-gap-default\">\n\t\t\t\t\t<div class=\"elementor-column elementor-col-50 elementor-top-column elementor-element elementor-element-c35989b\" data-id=\"c35989b\" data-element_type=\"column\">\n\t\t\t<div class=\"elementor-widget-wrap elementor-element-populated\">\n\t\t\t\t\t\t<div class=\"elementor-element elementor-element-33e3b28 elementor-widget elementor-widget-image\" data-id=\"33e3b28\" data-element_type=\"widget\" data-widget_type=\"image.default\">\n\t\t\t\t<div class=\"elementor-widget-container\">\n\t\t\t\t\t\t\t\t\t\t\t\t\t\t\t<img data-opt-id=1282094630  fetchpriority=\"high\" decoding=\"async\" width=\"800\" height=\"600\" src=\"https:\/\/mlnkxxon5tub.i.optimole.com\/w:800\/h:600\/q:mauto\/ig:avif\/https:\/\/bluehostel.is\/wp-content\/uploads\/2025\/06\/IMG_7668.jpg\" class=\"attachment-large size-large wp-image-811\" alt=\"\" srcset=\"https:\/\/mlnkxxon5tub.i.optimole.com\/w:800\/h:600\/q:mauto\/ig:avif\/https:\/\/bluehostel.is\/wp-content\/uploads\/2025\/06\/IMG_7668.jpg 800w, https:\/\/mlnkxxon5tub.i.optimole.com\/w:300\/h:225\/q:mauto\/ig:avif\/https:\/\/bluehostel.is\/wp-content\/uploads\/2025\/06\/IMG_7668.jpg 300w, https:\/\/mlnkxxon5tub.i.optimole.com\/w:768\/h:576\/q:mauto\/ig:avif\/https:\/\/bluehostel.is\/wp-content\/uploads\/2025\/06\/IMG_7668.jpg 768w, https:\/\/mlnkxxon5tub.i.optimole.com\/w:230\/h:173\/q:mauto\/ig:avif\/https:\/\/bluehostel.is\/wp-content\/uploads\/2025\/06\/IMG_7668.jpg 230w, https:\/\/mlnkxxon5tub.i.optimole.com\/w:350\/h:263\/q:mauto\/ig:avif\/https:\/\/bluehostel.is\/wp-content\/uploads\/2025\/06\/IMG_7668.jpg 350w, https:\/\/mlnkxxon5tub.i.optimole.com\/w:480\/h:360\/q:mauto\/ig:avif\/https:\/\/bluehostel.is\/wp-content\/uploads\/2025\/06\/IMG_7668.jpg 480w\" sizes=\"(max-width: 800px) 100vw, 800px\" \/>\t\t\t\t\t\t\t\t\t\t\t\t\t\t\t<\/div>\n\t\t\t\t<\/div>\n\t\t\t\t<div class=\"elementor-element elementor-element-0298bd5 elementor-widget elementor-widget-image\" data-id=\"0298bd5\" data-element_type=\"widget\" data-widget_type=\"image.default\">\n\t\t\t\t<div class=\"elementor-widget-container\">\n\t\t\t\t\t\t\t\t\t\t\t\t\t\t\t<img data-opt-id=361323608  data-opt-src=\"https:\/\/mlnkxxon5tub.i.optimole.com\/w:800\/h:600\/q:mauto\/ig:avif\/https:\/\/bluehostel.is\/wp-content\/uploads\/2025\/05\/IMG_7365.jpg\"  decoding=\"async\" width=\"800\" height=\"600\" src=\"data:image/svg+xml,%3Csvg%20viewBox%3D%220%200%20800%20600%22%20width%3D%22800%22%20height%3D%22600%22%20xmlns%3D%22http%3A%2F%2Fwww.w3.org%2F2000%2Fsvg%22%3E%3Crect%20width%3D%22800%22%20height%3D%22600%22%20fill%3D%22transparent%22%2F%3E%3C%2Fsvg%3E\" class=\"attachment-large size-large wp-image-51\" alt=\"\" old-srcset=\"https:\/\/mlnkxxon5tub.i.optimole.com\/w:800\/h:600\/q:mauto\/ig:avif\/https:\/\/bluehostel.is\/wp-content\/uploads\/2025\/05\/IMG_7365.jpg 800w, https:\/\/mlnkxxon5tub.i.optimole.com\/w:300\/h:225\/q:mauto\/ig:avif\/https:\/\/bluehostel.is\/wp-content\/uploads\/2025\/05\/IMG_7365.jpg 300w, https:\/\/mlnkxxon5tub.i.optimole.com\/w:768\/h:576\/q:mauto\/ig:avif\/https:\/\/bluehostel.is\/wp-content\/uploads\/2025\/05\/IMG_7365.jpg 768w, https:\/\/mlnkxxon5tub.i.optimole.com\/w:390\/h:293\/q:mauto\/ig:avif\/https:\/\/bluehostel.is\/wp-content\/uploads\/2025\/05\/IMG_7365.jpg 390w\" \/>\t\t\t\t\t\t\t\t\t\t\t\t\t\t\t<\/div>\n\t\t\t\t<\/div>\n\t\t\t\t\t<\/div>\n\t\t<\/div>\n\t\t\t\t<div class=\"elementor-column elementor-col-50 elementor-top-column elementor-element elementor-element-9d8f192\" data-id=\"9d8f192\" data-element_type=\"column\">\n\t\t\t<div class=\"elementor-widget-wrap elementor-element-populated\">\n\t\t\t\t\t\t<div class=\"elementor-element elementor-element-a2ff96d elementor-widget elementor-widget-heading\" data-id=\"a2ff96d\" data-element_type=\"widget\" data-widget_type=\"heading.default\">\n\t\t\t\t<div class=\"elementor-widget-container\">\n\t\t\t\t\t<h2 class=\"elementor-heading-title elementor-size-default\">Our focus is on<\/h2>\t\t\t\t<\/div>\n\t\t\t\t<\/div>\n\t\t\t\t<div class=\"elementor-element elementor-element-7aa6365 elementor-widget elementor-widget-text-editor\" data-id=\"7aa6365\" data-element_type=\"widget\" data-widget_type=\"text-editor.default\">\n\t\t\t\t<div class=\"elementor-widget-container\">\n\t\t\t\t\t\t\t\t\t<p>At Blue Hostel, we are committed to fully complying with all laws and regulations governing guesthouse operations in Iceland.+<\/p>\t\t\t\t\t\t\t\t<\/div>\n\t\t\t\t<\/div>\n\t\t\t\t<div class=\"elementor-element elementor-element-f74cfa6 elementor-widget elementor-widget-text-editor\" data-id=\"f74cfa6\" data-element_type=\"widget\" data-widget_type=\"text-editor.default\">\n\t\t\t\t<div class=\"elementor-widget-container\">\n\t\t\t\t\t\t\t\t\t<p>We develop a clear action plan with a timeline and accommodation setup that meets all legal requirements. This step ensures transparency and sets realistic expectations for both our team and our guests.<\/p>\t\t\t\t\t\t\t\t<\/div>\n\t\t\t\t<\/div>\n\t\t\t\t<div class=\"elementor-element elementor-element-18bede2 elementor-widget elementor-widget-text-editor\" data-id=\"18bede2\" data-element_type=\"widget\" data-widget_type=\"text-editor.default\">\n\t\t\t\t<div class=\"elementor-widget-container\">\n\t\t\t\t\t\t\t\t\t<p>We begin work based on the specific needs of our guests, and maintain regular communication throughout the process. If there are any changes to accommodation availability or services, we promptly inform our guests and adjust accordingly.<\/p>\t\t\t\t\t\t\t\t<\/div>\n\t\t\t\t<\/div>\n\t\t\t\t\t<\/div>\n\t\t<\/div>\n\t\t\t\t\t<\/div>\n\t\t<\/section>\n\t\t\t\t<\/div>\n\t\t","protected":false},"excerpt":{"rendered":"<p>About us \ud83c\udfe0&nbsp;Welcome to Blue Hostel&nbsp; Your Cozy Retreat in the Heart of Vestmannaeyjar Blue Hostel&nbsp;is a warm and modern guesthouse located [&hellip;]<\/p>\n","protected":false},"author":1,"featured_media":0,"parent":0,"menu_order":0,"comment_status":"closed","ping_status":"closed","template":"page-templates\/page_front-page.php","meta":{"_themeisle_gutenberg_block_has_review":false,"footnotes":""},"class_list":["post-401","page","type-page","status-publish","hentry"],"_links":{"self":[{"href":"https:\/\/bluehostel.is\/index.php?rest_route=\/wp\/v2\/pages\/401","targetHints":{"allow":["GET"]}}],"collection":[{"href":"https:\/\/bluehostel.is\/index.php?rest_route=\/wp\/v2\/pages"}],"about":[{"href":"https:\/\/bluehostel.is\/index.php?rest_route=\/wp\/v2\/types\/page"}],"author":[{"embeddable":true,"href":"https:\/\/bluehostel.is\/index.php?rest_route=\/wp\/v2\/users\/1"}],"replies":[{"embeddable":true,"href":"https:\/\/bluehostel.is\/index.php?rest_route=%2Fwp%2Fv2%2Fcomments&post=401"}],"version-history":[{"count":12,"href":"https:\/\/bluehostel.is\/index.php?rest_route=\/wp\/v2\/pages\/401\/revisions"}],"predecessor-version":[{"id":819,"href":"https:\/\/bluehostel.is\/index.php?rest_route=\/wp\/v2\/pages\/401\/revisions\/819"}],"wp:attachment":[{"href":"https:\/\/bluehostel.is\/index.php?rest_route=%2Fwp%2Fv2%2Fmedia&parent=401"}],"curies":[{"name":"wp","href":"https:\/\/api.w.org\/{rel}","templated":true}]}}